 r(x) = -x**3 + 5*x**2 - x - 25. What is the thousands digit of r(-9)?
1
Let f(o) = o**2 + 43*o + 80. What is the thousands digit of f(26)?
1
Let n = 1 + 7. Let x(h) = -h**2 + 15*h + 13. What is the units digit of x(n)?
9
Let i(n) = 10*n**3 + n**2 + 10*n - 23. What is the units digit of i(5)?
2
Let p(r) be the third derivative of r**7/60 + r**6/720 - r**5/120 - r**4/6 - 5*r**2. Let l(q) be the second derivative of p(q). What is the units digit of l(1)?
2
Suppose 0 = 16*s - 7*s - 2223. What is the tens digit of s?
4
Suppose 0 = -4*a + a - d + 11, -a - 4*d - 11 = 0. What is the units digit of (6 - a)/((-1)/(-47))?
7
Let y(m) = -m**3 + 5*m**2 + 110*m + 34. What is the hundreds digit of y(-17)?
5
Suppose 5*n = -4 - 21, -5*z = 3*n + 45. What is the units digit of (-2 - z)*(-240)/(-32)?
0
Let y = 2873 + -1058. What is the thousands digit of y?
1
Let i be 1/(-2) - (-55)/10. Suppose -2*z + 5*p + 32 + 183 = 0, -560 = -i*z + 5*p. Suppose y + 38 = b - 3*y, z = 5*b + 5*y. What is the tens digit of b?
2
Let m(c) = 2*c**3 - 8 + 3*c**3 - c - 6*c**3 - c**2 + 0. Let q be m(0). What is the units digit of (-3)/12 + (-218)/q?
7
Let u(x) = -319*x**3 + 3*x + 1. Suppose -26 = -16*j - 42. What is the hundreds digit of u(j)?
3
Suppose 4*r = -r + 25. Suppose -r*p + 7 = -4*p. Suppose 5*d - 4*t = -p*t + 25, 2*t = 0. What is the units digit of d?
5
Suppose 0 = 4*d - 4*s - 2384, -5*d = -4*d + 4*s - 591. What is the hundreds digit of d?
5
What is the units digit of 5/(361/(-366) - -1)?
6
Let y be (90/40)/((-3)/(-8)). Suppose 5*o - h = 314, -y*h + h + 104 = 2*o. What is the units digit of o?
2
Let s = -4433 - -7784. What is the tens digit of s?
5
Let v be (-1)/(-3) - 106/(-6). Suppose -v*n + 52 = -17*n. What is the tens digit of n?
5
Let l = 1532 - -144. What is the thousands digit of l?
1
Suppose 5*i - 5 = 5. Suppose -i*v = -4*v + 14. What is the tens digit of 2/(-2) - v*-3?
2
Suppose 0*n = 3*n + 9. Let q = n + 135. Suppose -c = 5*c - q. What is the units digit of c?
2
Let c(o) = 5*o**2 + 5*o**2 - 5*o + 68 + o**3 - 6*o - 78. What is the hundreds digit of c(-8)?
2
Let t = -32 + 33. What is the units digit of 63 - 3 - (t + 2)?
7
Let k be (3 + -3)/(-4) - 2. Let s be k/(2*1/4). Let y(x) = x**3 + 5*x**2 + 2*x + 6. What is the tens digit of y(s)?
1
Let o be (-4)/(-2)*(-15)/(-10). Let m be (-7)/(o + 16/(-6)). What is the units digit of (1 - -2)/(m/(-329))?
7
Let h = -13 - -10. Let z(k) = -5*k - 8. Let d be z(h). Suppose -9*v + 126 = -d*v. What is the units digit of v?
3
Suppose 5*b + 4*u = 16330, 3*u = -17 + 2. What is the units digit of b?
0
Let f = -26 - -31. Suppose 3*s + 181 = 3*o + 2*s, 25 = f*s. What is the tens digit of o?
6
Let n(b) = -b**3 - 13*b**2 - 12*b + 6. Let s be n(-12). Suppose 0 = -s*x + 361 + 605. What is the units digit of x?
1
Let q(g) be the first derivative of -6*g**2 + g + 1. Let d be q(-2). Suppose 2*x - d = -h, 4*x - 42 = -2*h + 2*x. What is the units digit of h?
7
What is the hundreds digit of 2845 - 15/(165/(-22))?
8
Suppose -8*d - 36 = -4*d. Let s = d + 21. What is the units digit of s?
2
Let a(s) = -77*s**3 - 4*s**2 - 9*s - 5. What is the units digit of a(-2)?
3
Let z = -66 + 144. Suppose -w - w = -z. What is the units digit of w?
9
Let v(j) = -j + 2. Let k be v(10). What is the units digit of ((-352)/(-28))/(k/(-28))?
4
Let s be 1 + -1 - (-3 + 4). Let b be (4/2 - 3)/s. What is the units digit of (34 - 9)/(b/1)?
5
Let d(g) = -3*g - 1. Let u be d(-1). Suppose -634 = -0*w - 5*w - 4*a, u*w = -4*a + 244. Suppose -16*o + 11*o + w = 0. What is the units digit of o?
6
Suppose -14*y + 9869 = -11425. What is the hundreds digit of y?
5
Let t be (1/3)/((-4)/12) - -2. What is the units digit of (328/(-20))/((3/(-30))/t)?
4
Let g = 57 + -54. What is the hundreds digit of g/6 - (-754)/4?
1
Let k = 19 - 7. Suppose -k*p = -10*p - 262. What is the hundreds digit of p?
1
Let a(r) = -5*r + 26 - 2*r**2 + 6*r**2 - 28. What is the units digit of a(-3)?
9
Suppose -3*g - 9 = 3. Let c be 2/g - 30/(-4). Let q(v) = 4*v + 1. What is the tens digit of q(c)?
2
Suppose 3*s = -3 + 12. Suppose -13 + 1 = -4*q - h, -s*h = -3*q + 24. Suppose 2*w = 3*p - 108, -q*p + w + 105 = -p. What is the units digit of p?
4
Let f(h) = h + 11. Let i be f(-7). Let c be (-42)/(-9) - i/6. Suppose -b = c, -4*x - 49 = -5*x + 4*b. What is the units digit of x?
3
Let b(z) = z**3 - 16*z**2 - 17*z + 25. Let l be b(17). What is the tens digit of (-1)/((3/36)/(l/(-4)))?
7
Let n(g) = 5*g**2 + g - 2. Let k be n(1). Suppose -r + 275 = 2*r + k*b, 5*b = 4*r - 315. What is the units digit of r?
5
Let n = 5 - 0. Suppose 4*o - 90 = 2*o + 3*j, 2*o - n*j - 94 = 0. What is the units digit of o?
2
Suppose 0 = 794*o - 800*o + 8400. What is the tens digit of o?
0
Let b(t) = -23*t**2 + 2*t - 1. Let a be b(4). Let l be 4/(-14) - a/(-133). What is the units digit of (1/l)/(2/(-294))?
9
Suppose 2*w = -4*u + 6660, -u - w + 876 = -789. Suppose -2*l = 3*l + u. What is the tens digit of ((-4)/(-6))/((-6)/l)?
3
Suppose -5710 = 11*v - 21*v. What is the tens digit of v?
7
Suppose -2*p = 3*n - 8156, 2*n - 3901 - 1553 = 2*p. What is the thousands digit of n?
2
Suppose -744*v = -732*v - 31344. What is the thousands digit of v?
2
Let n(x) = 3*x**2 - 37*x + 23. What is the tens digit of n(-12)?
9
Let f be 2/(-4) + (-4)/8. Let c = f - -6. Suppose -c*h + 3*h + 3*g + 50 = 0, -2*h = -5*g - 54. What is the tens digit of h?
2
Let o = 1 - 1. Let z be o + 2 + (-3 - 2). What is the tens digit of (-12)/z*(-34)/(-8)?
1
Suppose 5*d + 15 = 10. What is the units digit of 7/21*(d + 19)?
6
Let k(r) = 3*r**2 - 6*r - 7. Let f(t) = -3*t**2 + 7*t + 6. Let s(z) = 2*f(z) + 3*k(z). What is the units digit of s(7)?
0
Suppose -3*a - a = -368. Let t(g) = -a - 2*g + 90 - 4*g. What is the units digit of t(-3)?
6
Let d = 331 + -36. Suppose 4*t - 485 = -3*x, 0*x = 2*x - 3*t - d. What is the units digit of x?
5
Suppose -11*v = -v - 1030. What is the tens digit of v?
0
Let v = -148 - -304. Suppose -v = -2*g + 4*r, 2*r - 58 = -g - r. What is the tens digit of g?
7
Let d(s) = 330*s - 107. What is the units digit of d(4)?
3
Suppose -23 = d + 3*p - 78, -3*d - 2*p + 158 = 0. Let j = -9 + d. What is the tens digit of j?
4
Let z = 4347 + -2035. What is the hundreds digit of z?
3
Let s(r) = r**3 + 12*r - 1 - 7 - 5 + 10*r**2 - 4*r. Let b be s(-9). Let d(f) = -f**3 - f**2 - 5*f. What is the units digit of d(b)?
8
What is the units digit of 65 + 515 - (-1 - -8)?
3
Let r(f) = 23 - 23 - 3*f - 20*f. What is the units digit of r(-4)?
2
Let m(t) = 2*t**2 - 12*t + 21. Suppose 5*b = 0, 3*o + 5*b - 7 - 23 = 0. Let l be m(o). Suppose 0 = 2*v - r + 35 - l, 0 = -3*r + 6. What is the tens digit of v?
3
Let n(h) = 14*h**2 + 6*h + 4. What is the units digit of n(-1)?
2
Let w(v) be the third derivative of -v**4/24 - v**3/6 + 6*v**2. Let l be w(0). What is the tens digit of (4 - (1 + l)) + 42?
4
Let k = 301 + -131. What is the units digit of k?
0
Suppose 4*g - 1411 - 381 = 0. What is the units digit of g?
8
Let v(c) = -5*c + 100. Let u be v(19). Suppose 2*z - 3*n - 2*n = 177, 4*z = 5*n + 329. Let h = z - u. What is the tens digit of h?
7
Suppose 8*z = 125 + 91. Let x = z - -74. What is the units digit of x?
1
Let v(n) = 95*n**2 + 2*n - 1. Let p be v(1). Let h be ((-9)/4)/((-6)/p). What is the units digit of (81/h)/((-1)/(-4))?
9
Let q(i) = 5*i**3 - 9*i**2 - 2*i - 7. Let y(u) = 2*u + 44*u**2 + 20 - 14*u**3 + 4*u - 18*u**2. Let a(l) = 11*q(l) + 4*y(l). What is the tens digit of a(4)?
2
Let m(o) = 3*o. Let h be m(4). Suppose 3*k = 7*k - h. Suppose -4*p = 5*y - 1, -6*p + 7 = -2*p + k*y. What is the units digit of p?
4
Suppose 3*k - 2*k - 3*l = 12, 4 = 3*k - l. Suppose 0*n = -2*n + 8. Suppose -i + 0*i + 3*g + 37 = k, -2*g = n*i - 148. What is the tens digit of i?
3
Let i be 10/(-14) + 16/(-56). Let w be (-1 + -1 + -2)*i. Suppose 0*r + w*r - 92 = 0. What is the tens digit of r?
2
Suppose 27219 = 7*y + 2*f, 5*y - 2*y + f - 11666 = 0. What is the tens digit of y?
8
Let z = -25 - -27. Suppose -3*x = z*x - 10. Suppose -n + x*p + 67 = 2*n, -2*n = -p - 46. What is the units digit of n?
5
Let g = 50 - 190. Let t = 205 + g. What is the tens digit of t?
6
Suppose -s - f + 2*f = -1, 17 = 5*s + f. Let m be s + (-3)/(1 + 2). What is the tens digit of (12/30)/(m/100)?
2
What is the units digit of -135*(-6 + 1 + 3